0
What is the value of (49 - (13 + -9)) + 8 + 8 + -11?
50
Evaluate (-48 - (39 + -42)) + 49 + (-42 - -2 - -3).
-33
Calculate 23 + -12 + -1 + -13 - ((-4 - -2) + 9).
-10
What is 20 - ((16 - -3) + (-114 - -152))?
-37
-1 + 9 + 0 + -132 + 53 + 55 + -6
-22
What is the value of -3 + -1 + (-5 - 3 - 88) - (-1560 - -1544)?
-84
(-454 - -490) + (-6 - -22)
52
What is -98 + (28 - 6) + -28?
-104
Evaluate (10 - -39) + -97 - -91.
43
What is the value of (-93 + 53 - 4) + 6?
-38
What is the value of (-1 - 0 - (-11 - (-39 + (2 - 9)))) + 2?
-34
What is 109 + ((2 - (-10 - 5)) + -9 - 14)?
103
Calculate -8 - ((-6 - -14) + (10 - 44)) - 114.
-96
Calculate 23 + (-2 - -4) + -75 + -16.
-66
Evaluate (-29 - (-21 + 24)) + -58 + 36.
-54
What is 2 - (-6 + 37 - 7)?
-22
What is -26 + 63 + 9 - 38?
8
Evaluate -30 - (-35 + -9) - (5 - (-3 - -1)).
7
Evaluate -5 + 2 - ((-8 - -22) + -41).
24
Evaluate ((129 - 53) + -20 - (1 + -1)) + -25 + 39.
70
-21 + (-40 + -14 - -23)
-52
Calculate -5 + (-11 - (1 + (-17 - -4) + 4)).
-8
Evaluate -470 - -490 - (-19 + 15 - (1 + (-19 - -2))).
8
Evaluate (-3 - -8 - 11) + (4 - 0 - 10 - -47).
35
Evaluate (-102 - (-8 + 2)) + (-12 - 3 - 1) + 15.
-97
Calculate -28 - ((-16 - 41) + 46).
-17
Calculate (-106 - -5 - ((-13 - -6) + 0 + 5)) + 12.
-87
Calculate -3 - 2 - 2 - (22 + 2 + (96 - 77)).
-50
Evaluate 1 + -13 - (-34 + 67 + -16 + 33).
-62
What is -1 + (-249 - -269) + (-13 - 1)?
5
What is the value of -6 + (1 - 17 - (-26 - -13)) + 126?
117
Evaluate 2 - 0 - (5 + 9 + -4 - (44 + -36)).
0
What is the value of -47 - ((-15 - -82) + -106)?
-8
Evaluate (14 - -63) + -37 + -63.
-23
What is (-46 - -1) + 1591 + -1560 + (1 - 0) + -2?
-15
Calculate (-153 - -144) + (25 - 4 - 5) - 95.
-88
4256 + -4273 + 2 + 2
-13
What is the value of 5 - (53 + -12) - 7?
-43
What is the value of 43 + -80 + 43 + 0 + -3?
3
Calculate (1160 + -1205 - (-165 - 0)) + (1 - -12).
133
What is the value of -45386 - -45372 - (-19 - -1 - 0)?
4
26 + -19 + (-15 - (-13 + -9))
14
Calculate 5 + (1 - 76) + (10 + (-8 - -12) - 10).
-66
Calculate (5 - 14 - 0) + 11 + 68.
70
-11 - (9 - 27 - -13) - (5 - (65 - -5))
59
(1 - (2 + -31)) + 13 + -32 + 64
75
-77 + -45 + 135 - (-5 + 0)
18
Evaluate (28 - 19) + 13 - 94.
-72
-2 - (-122 - -113) - (-1 + -30)
38
What is the value of 33 + (-55 - (-27 - -28)) - -3?
-20
Calculate 44 - ((-4 - 32) + 61).
19
Evaluate (-15 - ((-2 - -1) + 0)) + (385 - (282 - -130)).
-41
Calculate (-5 - -6) + 2 + -25 + 37 + 30.
45
Calculate (48 - -1) + -51 + 64 - (0 + -4 + -9).
75
Evaluate (34 - 15) + -7 + (6 + -23 - -37).
32
Calculate -15 + 140 + -75 + 65.
115
What is (-1803 - -1657) + (-7 - -48)?
-105
Calculate 5 - -7 - 12 - (-80 - (14 + -31)).
63
What is the value of 16 + (15 - 7 - 35) - -24?
13
0 + (-21 - (-96 + 98))
-23
(-34 - -31) + (2 + -13 - (-6 + -8))
0
What is the value of 17 + 8 + 17 + 1 + 22?
65
What is (-276 - -363) + (4 - 39) + (12 - (0 - -2))?
62
What is the value of (1582 - 1590) + (28 - 0)?
20
Calculate -11 + (84 - ((9 - 14) + 4)) + 3.
77
Evaluate 40 + -76 - 8 - 14.
-58
Calculate -70 - (33 - -40 - 5).
-138
-32 + -1 - 1 - (13 - (-55 + 57))
-45
-9 + 34 + (9 - 22) + -6 - (-5 + 100)
-89
Evaluate 23 + ((-29 - -13) + 4 + -5 - -13).
19
What is the value of 13 + -1 + 4 + 49 + -32?
33
Evaluate -199 + (-47 - -260) + -65.
-51
What is the value of 5 - 20 - -47 - 37 - 35?
-40
Evaluate -9 - (-5 + -1 + (-22 - -9)).
10
35 + 15 - (4 - ((5 - 2) + (-12 - -1)))
38
What is (2 - 5) + 10 + (1 + -9 - 9)?
-10
Evaluate 20 + 29 + -23 + 5 + 50.
81
1 + -2 + 4 - (-45 - (11 - 31))
28
What is the value of (0 - (39 + -83)) + -31 + -23?
-10
What is the value of -7 + -38 + 24 + -3 + (0 + -3 - -4)?
-23
Evaluate -2 + 0 + (34 + -61 - -25) - -2.
-2
Calculate (-1 - -2) + (1 - 1) + -343 + 340.
-2
Calculate -277 + 227 + -1 + 1 - -8.
-42
11 + 16 + (-53 - (19 - 30))
-15
Calculate 11 - -2 - (-71 + 83) - (-4 + 1 - -50).
-46
Calculate (-8 - -16) + -14 + 9 + -12 + 4.
-5
Evaluate -5 - ((-2 - 19) + (-15 - 4)).
35
(-3 - 16) + -1 + (-286 - -253)
-53
1 + (10 - 0) + 678 + -672
17
Calculate -8 + -2 + 9 + 110 - (-14 + (3 - -20)).
100
(-5 + 4 - (35 - 44)) + -19 - (1 - 5)
-7
Evaluate (-75 - -52) + 34 - 76.
-65
Calculate 0 + -4 + -1 - ((316 - 309) + -47 + -2).
37
Evaluate 1 + -41 - (562 + -583) - 2.
-21
Evaluate -24 + 52 + -85 + -6.
-63
What is the value of -12 + (-21 - (-23 - 33) - -20)?
43
What is the value of 11 + 1 + (-42 - (-7 - 36)) - -21?
34
Calculate 7 - -9 - (23 - (0 - (-16 + 6))).
3
What is the value of -27 + (-1 + -14 - (-12 - -25 - 27))?
-28
Evaluate -13 - (-85 + 23 - -16).
33
(72 - 56) + (-19 - -6)
3
Evaluate 1161 + -1148 + (4 - -1 - 5) + 3.
16
Calculate -24 - (7 - (-1 + 12 + 7 + -10)).
-23
Evaluate -33 + 9 + (31 - 21) + -4 + (5 - 9).
-22
What is the value of 39 - (108 + (28 - 27) - -13)?
-83
65 + -4 + -3 - 14
44
What is the value of (1104 - 978) + -78 + -7?
41
Calculate 0 + 4 - 3 - (-4 + 12 + (-44 - 30)).
67
Evaluate (20 - 64) + 6 + -3.
-41
Evaluate (934 - 915 - (-43 + 1)) + 0 + 8.
69
Calculate (303 - 264) + 80 + -4.
115
226 + -250 - (60 - 5) - 29
-108
Calculate 128 + (27 + -9 - (-44 - -44)).
146
(4 + -3 - (0 - 6)) + 56 + -35 + -7
21
What is -56 - (-95 + (42 - 80))?
77
Evaluate -1 - 58 - -158 - (2 - (-5 - 3)).
89
Calculate 83 - (90 + -25) - (-17 - -2).
33
Calculate -23 - (-100 + 0 - (21 + -42)).
56
What is -16 - 0 - (-1885 - -1904)?
-35
Calculate -5 + 15 + 14 - 10 - 12.
2
What is 6454 + -6430 + -1 + -91?
-68
What is -1 + 11 + -19 + (20 - (7 - (-9 - -7)))?
2
What is -75 + 17 + -3 + 31?
-30
Evaluate -106 - -106 - (-8 - 5) - (38 + 1).
-26
Evaluate (-10 - 4 - (26 - 26)) + (-1 - 21).
-36
What is -15 + -1 + (-112 - (166 + -359))?
65
Calculate (-3 + -2 - 11) + (-209 - -224).
-1
What is the value of 3 - 10 - (9 - 29) - (44 - (11 + -6))?
-26
Calculate 4 - (-8 - -29 - (4 - 3 - 8)).
-24
-9 + (-22 - -19) + 0 + -11 + 8
-15
(5 - 2) + -17 + 14 + 0 + 8
8
-93 - ((134 - 195) + -94)
62
What is (-20 - (7 - 19)) + -69 + 5?
-72
Calculate (-83 - -45) + 2 - -34 - (32 - 1).
-33
What is the value of 127 + -107 + -29 - (2 - -64)?
-75
What is the value of 15 - (18 + -55 + 12 - (-97 + -18))?
-75
Calculate 6 + 62 + 6 - (-11 + 2).
83
What is the value of (-15 - ((-32 + -2 - -8) + 9)) + -62?
-60
Calculate (-7 - 7) + -123 + 86.
-51
Calculate -8 + (-23 - (-100 - -18)) - 34.
17
((-51 - 1) + 48 - 41) + (24 - 1)
-22
Calculate 85 + -35 + 31 + -123.
-42
Calculate -14 + (338 - 294) + (-16 - 2).
12
(-26 - -6) + 18 - (-40 - -24)
14
Evaluate 2 + -2 + 13 - (66 + -3 - 60).
10
What is 82 - (7 + (12 - 13)) - 26?
50
What is -7 - (-6 + 20 + -34) - 3?
10
25 + 83 - (-3 + 4 + (-24 - (6 + -16)))
121
What is the value of -5 - (1 - 3) - (-49 + 38 + -15)?
23
What is the value of 32 - ((-12 + 2 - -11) + 14 - 27)?
44
(-49 - (-51 - -29)) + 14 - -71
58
What is 17 - ((35 - (-72 + 97)) + -1 + -13)?
21
Calculate 6 + -1 + -2 - (13 + (-15 - -76)).
-71
What is 3 - (2 + (-3 - 1)) - (-143 + 77 - -71)?
0
Calculate (41 - 53) + (-4 - -5 - (-50 + 2)).
37
What is the value of -66 + (-1 - 1) - (-23202 + 23200)?
-66
What is 8 + 46 + -129 + 111?
36
What is (5 - (-23 - 4 - (43 + -52))) + 73?
96
(94 - 48 - 46) + -21
-21
16 + (1 - 2) - (276 + -144 + -128)
11
-54 + 69 + 33 - 56
-8
What is 2 + -89 + (0 - 0 - (-4 - (6 - 10)))?
-87
What is 187 - -42 - (114 + 13)?
102
What is -10 + (-3 - 7 - ((-13 - (9 + 60)) + 3))?
59
What is the value of -82 - (17 + (38 - 22))?
-115
Calculate -28 + (6 + -8 - -6) - (-71 + -45).
92
What is the value of -51 - (10 + 4 + -10 + 8 + -12) - 10?
-61
Evaluate -49 + (6 - -74 - -28).
59
Evaluate 27 + (-479 - -429 - (13 - 4)).
-32
Calculate 17 + (16 - (18 - (23 - -3))).
41
What is 95 + -49 + -5 - -25?
66
What is the value of 22 + (-9 + (-1 - -22) - 60)?
-26
20 - 25 - (-47 - (-2 + -3 - 0))
37
Calculate 85 - (0 + (-67 - -133)).
19
Evaluate 46 - (22 + (-7 - 22) - (4 - 6 - 2)).
49
Calculate (-7 - 0 - -12) + -1 + 17 - (5 - 7).
23
(-12 - 3) + 34 + 6 + -16 + (-29 - 0)
-20
What is 10 + -36 + (29 - -3)?
6
What is the value of (99 - 178) + 56 + (-8 - 2 - -2 - 2)?
-33
Calculate -95 + 109 - (-3 - (1 + 1 + 2)).
21
What is 181 + -37 + -106 - (11 - 0)?
27
What is the value of 172 + -42 + -39 + -167?
-76
What is the value of ((-24 - -11) + 5 - -12) + 8 + -13?
-1
1 - 64 - -4 - 1 - (5897 + -5875)
-82
What is the value of 4 + (-14 + 10 + 12 + -27 - (1 - 11))?
-5
What is -9 - (2 + -1 - (-17 - (-14 - 9 - 4)))?
0
Calc